 5, 79316819
List the prime factors of 3234704624.
2, 202169039
List the prime factors of 1168329866.
2, 11, 43, 1235021
List the prime factors of 20049808.
2, 31, 40423
List the prime factors of 66320600.
2, 5, 331603
What are the prime factors of 29228098?
2, 661, 22109
What are the prime factors of 98567773?
409, 240997
What are the prime factors of 41593700?
2, 5, 415937
What are the prime factors of 1534102991?
37, 41462243
What are the prime factors of 274829090?
2, 5, 3467, 7927
List the prime factors of 738546637.
569, 1297973
List the prime factors of 2093214342.
2, 3, 10133, 34429
List the prime factors of 759751642.
2, 13, 347, 84211
List the prime factors of 25333974.
2, 3, 37, 38039
What are the prime factors of 258208311?
3, 37, 401, 5801
What are the prime factors of 17317845?
3, 5, 384841
What are the prime factors of 5539431168?
2, 3, 31, 77557
List the prime factors of 91079686.
2, 45539843
What are the prime factors of 2478481281?
3, 1129, 81307
List the prime factors of 102383777.
102383777
List the prime factors of 123879500.
2, 5, 247759
List the prime factors of 1928190255.
3, 5, 128546017
List the prime factors of 10887795.
3, 5, 241951
List the prime factors of 100129225.
5, 7, 31, 18457
What are the prime factors of 167221936?
2, 7, 31, 48163
List the prime factors of 65983864.
2, 47, 113, 1553
List the prime factors of 668837785.
5, 7, 11, 157931
What are the prime factors of 1071070697?
3517, 304541
What are the prime factors of 73374539?
7, 10482077
What are the prime factors of 286496477?
173, 1656049
What are the prime factors of 677604944?
2, 31, 127, 347
What are the prime factors of 185127981?
3, 1039, 59393
What are the prime factors of 70625722?
2, 35312861
List the prime factors of 39168754.
2, 239, 81943
List the prime factors of 315789587.
315789587
What are the prime factors of 124730522?
2, 7, 8909323
List the prime factors of 10933542.
2, 3, 7499
What are the prime factors of 113173963?
7, 31, 521539
List the prime factors of 2437807741.
2437807741
What are the prime factors of 1293511799?
53, 919, 26557
List the prime factors of 52196866.
2, 1747, 14939
List the prime factors of 775982477.
19, 79, 516977
List the prime factors of 3785561047.
3785561047
What are the prime factors of 126136022?
2, 17, 19, 29, 6733
List the prime factors of 529728438.
2, 3, 43, 2053211
List the prime factors of 1279169568.
2, 3, 4441561
List the prime factors of 39258532.
2, 2377, 4129
List the prime factors of 1348284702.
2, 3, 23, 53, 83, 2221
What are the prime factors of 311654365?
5, 11, 5666443
What are the prime factors of 5715931466?
2, 7, 31, 13170349
What are the prime factors of 502671898?
2, 197, 1275817
What are the prime factors of 1093963571?
37, 29566583
What are the prime factors of 19226433?
3, 6408811
What are the prime factors of 174559617?
3, 2155057
List the prime factors of 256557717.
3, 13, 168677
List the prime factors of 6801056961.
3, 2267018987
List the prime factors of 35140755.
3, 5, 13, 307, 587
What are the prime factors of 524841891?
3, 7, 1031, 3463
List the prime factors of 24047068.
2, 6011767
What are the prime factors of 20583999?
3, 2287111
List the prime factors of 67539675.
3, 5, 7, 103, 1249
List the prime factors of 49193813.
49193813
List the prime factors of 80820164.
2, 20205041
What are the prime factors of 2035001046?
2, 3, 13, 26089757
List the prime factors of 4906737515.
5, 981347503
List the prime factors of 649144580.
2, 5, 7, 79, 58693
What are the prime factors of 158347868?
2, 7, 251, 22531
List the prime factors of 11018867.
11018867
List the prime factors of 339542181.
3, 11, 811, 4229
List the prime factors of 5305319017.
9629, 550973
What are the prime factors of 6774190?
2, 5, 23, 29453
List the prime factors of 1129835273.
7, 29, 5565691
What are the prime factors of 55428826?
2, 27714413
List the prime factors of 1301819724.
2, 3, 47, 491, 1567
What are the prime factors of 2157622974?
2, 3, 13, 3073537
List the prime factors of 4846093.
7, 692299
List the prime factors of 6033235267.
6033235267
What are the prime factors of 37978034?
2, 17, 283, 3947
What are the prime factors of 284822981?
17, 16754293
What are the prime factors of 318991838?
2, 11, 373, 38873
What are the prime factors of 337759742?
2, 4663, 36217
What are the prime factors of 578715619?
29, 19955711
List the prime factors of 1043677233.
3, 23, 5041919
What are the prime factors of 127541871?
3, 17, 92623
List the prime factors of 12129759.
3, 113, 11927
What are the prime factors of 497675795?
5, 5437, 18307
What are the prime factors of 38046868?
2, 83, 114599
List the prime factors of 907615971.
3, 100846219
What are the prime factors of 106613633?
7, 15230519
List the prime factors of 1502055513.
3, 7, 67, 355853
What are the prime factors of 1488664301?
811, 1835591
List the prime factors of 14849381.
17, 53, 16481
List the prime factors of 434034877.
434034877
What are the prime factors of 91197062?
2, 11, 1741, 2381
List the prime factors of 2337998527.
131, 17847317
List the prime factors of 69020501.
11, 59, 106349
What are the prime factors of 660353613?
3, 1459, 150869
List the prime factors of 470433953.
11, 107, 399689
What are the prime factors of 124834378?
2, 79, 173, 4567
List the prime factors of 104864276.
2, 11, 547, 4357
List the prime factors of 85760264.
2, 10720033
What are the prime factors of 85178319?
3, 97, 292709
What are the prime factors of 76928961?
3, 17, 1163, 1297
What are the prime factors of 7398639991?
37, 241, 829723
List the prime factors of 31456350.
2, 3, 5, 863
List the prime factors of 1513177416.
2, 3, 7005451
List the prime factors of 4925898835.
5, 11, 13, 17, 127, 3191
List the prime factors of 48303601.
103, 468967
What are the prime factors of 118367250?
2, 3, 5, 157823
List the prime factors of 142057576.
2, 17, 947, 1103
What are the prime factors of 94258011?
3, 31, 1013527
What are the prime factors of 50186169?
3, 11, 168977
What are the prime factors of 1500778652?
2, 29, 12937747
What are the prime factors of 2170781763?
3, 723593921
List the prime factors of 1222135214.
2, 19, 79, 421, 967
List the prime factors of 39736521.
3, 11, 12163
What are the prime factors of 71819690?
2, 5, 79, 90911
List the prime factors of 1896288153.
3, 23, 509, 53993
What are the prime factors of 102548695?
5, 20509739
List the prime factors of 178441039.
7, 25491577
What are the prime factors of 184344106?
2, 92172053
What are the prime factors of 109002724?
2, 73, 373297
What are the prime factors of 1453884622?
2, 373, 1948907
What are the prime factors of 175154581?
7, 89, 263, 1069
What are the prime factors of 1767094158?
2, 3, 294515693
List the prime factors of 332737951.
7, 13, 239, 15299
What are the prime factors of 157014030?
2, 3, 5, 347, 15083
What are the prime factors of 2400910579?
1327, 1809277
What are the prime factors of 5198612952?
2, 3, 13, 19, 31, 28289
What are the prime factors of 851876395?
5, 7883, 21613
What are the prime factors of 28466868?
2, 3, 2372239
What are the prime factors of 16650605?
5, 3330121
What are the prime factors of 406998255?
3, 5, 139, 195203
What are the prime factors of 574852278?
2, 3, 7, 11, 13, 95713
What are the prime factors of 39278997?
3, 223, 19571
What are the prime factors of 20796911?
467, 44533
List the prime factors of 215718970.
2, 5, 19, 1135363
List the prime factors of 38861395.
5, 7772279
List the prime factors of 2980768313.
2980768313
List the prime factors of 32905098.
2, 3, 17, 191, 563
List the prime factors of 3436165732.
2, 17, 19, 2659571
What are the prime factors of 886429551?
3, 7, 599, 10067
What are the prime factors of 23115146?
2, 29, 353, 1129
What are the prime factors of 18786927?
3, 347, 18047
List the prime factors of 1663996840.
2, 5, 11, 343801
List the prime factors of 227801591.
23, 311, 31847
What are the prime factors of 205013678?
2, 3109, 32971
List the prime factors of 6801159426.
2, 3, 239, 887, 5347
List the prime factors of 285572726.
2, 142786363
List the prime factors of 110367396.
2, 3, 241, 12721
List the prime factors of 2089698098.
2, 53, 19714133
What are the prime factors of 75383157?
3, 3079, 8161
List the prime factors of 492355841.
317